{"version":"1.0","provider_name":"&nbsp;Escola Joso Sabadell","provider_url":"http:\/\/jososabadell.cat\/es\/","author_name":"Joso Sabadell","author_url":"http:\/\/jososabadell.cat\/es\/author\/jososabadell\/","title":"Cap a la Fira Sakura Matsuri! - Escola Joso Sabadell","type":"rich","width":600,"height":338,"html":"<blockquote class=\"wp-embedded-content\" data-secret=\"ijl7KyNamC\"><a href=\"http:\/\/jososabadell.cat\/es\/2024\/05\/16\/cap-a-la-fira-sakura-matsuri\/\">Cap a la Fira Sakura Matsuri!<\/a><\/blockquote><iframe sandbox=\"allow-scripts\" security=\"restricted\" src=\"http:\/\/jososabadell.cat\/es\/2024\/05\/16\/cap-a-la-fira-sakura-matsuri\/embed\/#?secret=ijl7KyNamC\" width=\"600\" height=\"338\" title=\"\u00abCap a la Fira Sakura Matsuri!\u00bb \u2014 Escola Joso Sabadell\" data-secret=\"ijl7KyNamC\" frameborder=\"0\" marginwidth=\"0\" marginheight=\"0\" scrolling=\"no\" class=\"wp-embedded-content\"><\/iframe><script type=\"text\/javascript\">\n\/* <![CDATA[ *\/\n\/*! This file is auto-generated *\/\n!function(d,l){\"use strict\";l.querySelector&&d.addEventListener&&\"undefined\"!=typeof URL&&(d.wp=d.wp||{},d.wp.receiveEmbedMessage||(d.wp.receiveEmbedMessage=function(e){var t=e.data;if((t||t.secret||t.message||t.value)&&!\/[^a-zA-Z0-9]\/.test(t.secret)){for(var s,r,n,a=l.querySelectorAll('iframe[data-secret=\"'+t.secret+'\"]'),o=l.querySelectorAll('blockquote[data-secret=\"'+t.secret+'\"]'),c=new RegExp(\"^https?:$\",\"i\"),i=0;i<o.length;i++)o[i].style.display=\"none\";for(i=0;i<a.length;i++)s=a[i],e.source===s.contentWindow&&(s.removeAttribute(\"style\"),\"height\"===t.message?(1e3<(r=parseInt(t.value,10))?r=1e3:~~r<200&&(r=200),s.height=r):\"link\"===t.message&&(r=new URL(s.getAttribute(\"src\")),n=new URL(t.value),c.test(n.protocol))&&n.host===r.host&&l.activeElement===s&&(d.top.location.href=t.value))}},d.addEventListener(\"message\",d.wp.receiveEmbedMessage,!1),l.addEventListener(\"DOMContentLoaded\",function(){for(var e,t,s=l.querySelectorAll(\"iframe.wp-embedded-content\"),r=0;r<s.length;r++)(t=(e=s[r]).getAttribute(\"data-secret\"))||(t=Math.random().toString(36).substring(2,12),e.src+=\"#?secret=\"+t,e.setAttribute(\"data-secret\",t)),e.contentWindow.postMessage({message:\"ready\",secret:t},\"*\")},!1)))}(window,document);\n\/* ]]> *\/\n<\/script>","thumbnail_url":"https:\/\/jososabadell.cat\/wp-content\/uploads\/2024\/05\/240516-Fira-Sakura-web-03-scaled.jpg","thumbnail_width":2560,"thumbnail_height":1158,"description":"Si el 2 de maig don\u00e0vem el tret de sortida al Sakura Matsuri Sabadell, amb la inauguraci\u00f3 del Sakura Ciutat, aquest cap de setmana viurem el seu colof\u00f3 amb la celebraci\u00f3 de la Fira Sakura Matsuri. Divendres 17, dissabte 18 i diumenge 19 de maig. O el que \u00e9s el mateix: 3a edici\u00f3 de la [&hellip;]"}

Si el 2 de maig donàvem el tret de sortida al Sakura Matsuri Sabadell, amb la inauguració del Sakura Ciutat, aquest cap de setmana viurem el seu colofó amb la celebració de la Fira Sakura Matsuri. Divendres 17, dissabte 18 i diumenge 19 de maig. O el que és el mateix: 3a edició de la [&hellip;]
