{"version":"1.0","provider_name":"&nbsp;Escola Joso Sabadell","provider_url":"http:\/\/jososabadell.cat\/es\/","author_name":"Joso Sabadell","author_url":"http:\/\/jososabadell.cat\/es\/author\/jososabadell\/","title":"Eva Garcia il\u00b7lustra la postal de l'iSabadell - Escola Joso Sabadell","type":"rich","width":600,"height":338,"html":"<blockquote class=\"wp-embedded-content\" data-secret=\"SR0UqQOfex\"><a href=\"http:\/\/jososabadell.cat\/es\/2025\/12\/23\/eva-garcia-illustra-la-postal-de-lisabadell\/\">Eva Garcia il\u00b7lustra la postal de l&#8217;iSabadell<\/a><\/blockquote><iframe sandbox=\"allow-scripts\" security=\"restricted\" src=\"http:\/\/jososabadell.cat\/es\/2025\/12\/23\/eva-garcia-illustra-la-postal-de-lisabadell\/embed\/#?secret=SR0UqQOfex\" width=\"600\" height=\"338\" title=\"\u00abEva Garcia il\u00b7lustra la postal de l&#8217;iSabadell\u00bb \u2014 Escola Joso Sabadell\" data-secret=\"SR0UqQOfex\" frameborder=\"0\" marginwidth=\"0\" marginheight=\"0\" scrolling=\"no\" class=\"wp-embedded-content\"><\/iframe><script type=\"text\/javascript\">\n\/* <![CDATA[ *\/\n\/*! This file is auto-generated *\/\n!function(d,l){\"use strict\";l.querySelector&&d.addEventListener&&\"undefined\"!=typeof URL&&(d.wp=d.wp||{},d.wp.receiveEmbedMessage||(d.wp.receiveEmbedMessage=function(e){var t=e.data;if((t||t.secret||t.message||t.value)&&!\/[^a-zA-Z0-9]\/.test(t.secret)){for(var s,r,n,a=l.querySelectorAll('iframe[data-secret=\"'+t.secret+'\"]'),o=l.querySelectorAll('blockquote[data-secret=\"'+t.secret+'\"]'),c=new RegExp(\"^https?:$\",\"i\"),i=0;i<o.length;i++)o[i].style.display=\"none\";for(i=0;i<a.length;i++)s=a[i],e.source===s.contentWindow&&(s.removeAttribute(\"style\"),\"height\"===t.message?(1e3<(r=parseInt(t.value,10))?r=1e3:~~r<200&&(r=200),s.height=r):\"link\"===t.message&&(r=new URL(s.getAttribute(\"src\")),n=new URL(t.value),c.test(n.protocol))&&n.host===r.host&&l.activeElement===s&&(d.top.location.href=t.value))}},d.addEventListener(\"message\",d.wp.receiveEmbedMessage,!1),l.addEventListener(\"DOMContentLoaded\",function(){for(var e,t,s=l.querySelectorAll(\"iframe.wp-embedded-content\"),r=0;r<s.length;r++)(t=(e=s[r]).getAttribute(\"data-secret\"))||(t=Math.random().toString(36).substring(2,12),e.src+=\"#?secret=\"+t,e.setAttribute(\"data-secret\",t)),e.contentWindow.postMessage({message:\"ready\",secret:t},\"*\")},!1)))}(window,document);\n\/* ]]> *\/\n<\/script>","thumbnail_url":"https:\/\/jososabadell.cat\/wp-content\/uploads\/2025\/12\/Postal-de-Nadal-Escola-Joso-Sabadell-i-iSabadell-2025-web.jpg","thumbnail_width":1636,"thumbnail_height":740,"description":"La proposta d\u2019Eva Garc\u00eda, estudiant de 2n d\u2019Art Gr\u00e0fic, ha estat la guanyadora del concurs d\u2019il\u00b7lustraci\u00f3 nadalenca del diari digital iSabadell. La seva imatge ser\u00e0 la postal oficial del mitj\u00e0 durant els dies 24 i 25 de desembre. La il\u00b7lustraci\u00f3 presenta una Mare Noel jove i festiva, que vola sobre el passeig de la Pla\u00e7a [&hellip;]"}

La proposta d’Eva García, estudiant de 2n d’Art Gràfic, ha estat la guanyadora del concurs d’il·lustració nadalenca del diari digital iSabadell. La seva imatge serà la postal oficial del mitjà durant els dies 24 i 25 de desembre. La il·lustració presenta una Mare Noel jove i festiva, que vola sobre el passeig de la Plaça [&hellip;]
