{"version":"1.0","provider_name":"&nbsp;Escola Joso Sabadell","provider_url":"https:\/\/jososabadell.cat\/es\/","author_name":"Joso Sabadell","author_url":"https:\/\/jososabadell.cat\/es\/author\/jososabadell\/","title":"DIADA DEL C\u00d2MIC GRATIS A SABADELL 2014. - Escola Joso Sabadell","type":"rich","width":600,"height":338,"html":"<blockquote class=\"wp-embedded-content\" data-secret=\"hD2VfID6fJ\"><a href=\"https:\/\/jososabadell.cat\/es\/2014\/05\/20\/diada-del-comic-gratis-a-sabadell-2014-2\/\">DIADA DEL C\u00d2MIC GRATIS A SABADELL 2014.<\/a><\/blockquote><iframe sandbox=\"allow-scripts\" security=\"restricted\" src=\"https:\/\/jososabadell.cat\/es\/2014\/05\/20\/diada-del-comic-gratis-a-sabadell-2014-2\/embed\/#?secret=hD2VfID6fJ\" width=\"600\" height=\"338\" title=\"\u00abDIADA DEL C\u00d2MIC GRATIS A SABADELL 2014.\u00bb \u2014 Escola Joso Sabadell\" data-secret=\"hD2VfID6fJ\" frameborder=\"0\" marginwidth=\"0\" marginheight=\"0\" scrolling=\"no\" class=\"wp-embedded-content\"><\/iframe><script type=\"text\/javascript\">\n\/* <![CDATA[ *\/\n\/*! This file is auto-generated *\/\n!function(d,l){\"use strict\";l.querySelector&&d.addEventListener&&\"undefined\"!=typeof URL&&(d.wp=d.wp||{},d.wp.receiveEmbedMessage||(d.wp.receiveEmbedMessage=function(e){var t=e.data;if((t||t.secret||t.message||t.value)&&!\/[^a-zA-Z0-9]\/.test(t.secret)){for(var s,r,n,a=l.querySelectorAll('iframe[data-secret=\"'+t.secret+'\"]'),o=l.querySelectorAll('blockquote[data-secret=\"'+t.secret+'\"]'),c=new RegExp(\"^https?:$\",\"i\"),i=0;i<o.length;i++)o[i].style.display=\"none\";for(i=0;i<a.length;i++)s=a[i],e.source===s.contentWindow&&(s.removeAttribute(\"style\"),\"height\"===t.message?(1e3<(r=parseInt(t.value,10))?r=1e3:~~r<200&&(r=200),s.height=r):\"link\"===t.message&&(r=new URL(s.getAttribute(\"src\")),n=new URL(t.value),c.test(n.protocol))&&n.host===r.host&&l.activeElement===s&&(d.top.location.href=t.value))}},d.addEventListener(\"message\",d.wp.receiveEmbedMessage,!1),l.addEventListener(\"DOMContentLoaded\",function(){for(var e,t,s=l.querySelectorAll(\"iframe.wp-embedded-content\"),r=0;r<s.length;r++)(t=(e=s[r]).getAttribute(\"data-secret\"))||(t=Math.random().toString(36).substring(2,12),e.src+=\"#?secret=\"+t,e.setAttribute(\"data-secret\",t)),e.contentWindow.postMessage({message:\"ready\",secret:t},\"*\")},!1)))}(window,document);\n\/* ]]> *\/\n<\/script>","description":"Aquesta \u00e9s la contraportada del Diari de Sabadell del passat dimarts 13 de maig on es va publicar un article sobre la diada del c\u00f2mic gratis en la que vam participar. Ens ha fet molta il\u00b7lusi\u00f3 apar\u00e8ixer en aquest mitj\u00e0 encara que tamb\u00e9 ens sap una mica greu alguna petita imprecisi\u00f3 en el contingut de [&hellip;]","thumbnail_url":"http:\/\/4.bp.blogspot.com\/-UisgRWrM9dU\/U3sX4fEOxuI\/AAAAAAAAEGs\/gfubGtPXYwU\/s1600\/diada+c%C3%B2mic+gratis008.jpg"}

DIADA DEL CÒMIC GRATIS A SABADELL 2014. - Escola Joso Sabadell

<blockquote class="wp-embedded-content" data-secret="hD2VfID6fJ"><a href="https://jososabadell.cat/es/2014/05/20/diada-del-comic-gratis-a-sabadell-2014-2/">DIADA DEL CÒMIC GRATIS A SABADELL 2014.</a></blockquote><iframe sandbox="allow-scripts" security="restricted" src="https://jososabadell.cat/es/2014/05/20/diada-del-comic-gratis-a-sabadell-2014-2/embed/#?secret=hD2VfID6fJ" width="600" height="338" title="«DIADA DEL CÒMIC GRATIS A SABADELL 2014.» — Escola Joso Sabadell" data-secret="hD2VfID6fJ" frameborder="0" marginwidth="0" marginheight="0" scrolling="no" class="wp-embedded-content"></iframe><script type="text/javascript">
/* <![CDATA[ */
/*! This file is auto-generated */
!function(d,l){"use strict";l.querySelector&&d.addEventListener&&"undefined"!=typeof URL&&(d.wp=d.wp||{},d.wp.receiveEmbedMessage||(d.wp.receiveEmbedMessage=function(e){var t=e.data;if((t||t.secret||t.message||t.value)&&!/[^a-zA-Z0-9]/.test(t.secret)){for(var s,r,n,a=l.querySelectorAll('iframe[data-secret="'+t.secret+'"]'),o=l.querySelectorAll('blockquote[data-secret="'+t.secret+'"]'),c=new RegExp("^https?:$","i"),i=0;i<o.length;i++)o[i].style.display="none";for(i=0;i<a.length;i++)s=a[i],e.source===s.contentWindow&&(s.removeAttribute("style"),"height"===t.message?(1e3<(r=parseInt(t.value,10))?r=1e3:~~r<200&&(r=200),s.height=r):"link"===t.message&&(r=new URL(s.getAttribute("src")),n=new URL(t.value),c.test(n.protocol))&&n.host===r.host&&l.activeElement===s&&(d.top.location.href=t.value))}},d.addEventListener("message",d.wp.receiveEmbedMessage,!1),l.addEventListener("DOMContentLoaded",function(){for(var e,t,s=l.querySelectorAll("iframe.wp-embedded-content"),r=0;r<s.length;r++)(t=(e=s[r]).getAttribute("data-secret"))||(t=Math.random().toString(36).substring(2,12),e.src+="#?secret="+t,e.setAttribute("data-secret",t)),e.contentWindow.postMessage({message:"ready",secret:t},"*")},!1)))}(window,document);
/* ]]> */
</script>

Aquesta és la contraportada del Diari de Sabadell del passat dimarts 13 de maig on es va publicar un article sobre la diada del còmic gratis en la que vam participar. Ens ha fet molta il·lusió aparèixer en aquest mitjà encara que també ens sap una mica greu alguna petita imprecisió en el contingut de [&hellip;]
