{"version":"1.0","provider_name":"&nbsp;Escola Joso Sabadell","provider_url":"https:\/\/jososabadell.cat\/es\/","author_name":"Joso Sabadell","author_url":"https:\/\/jososabadell.cat\/es\/author\/jososabadell\/","title":"Fotos de la Sakura Matsuri Sabadell - Escola Joso Sabadell","type":"rich","width":600,"height":338,"html":"<blockquote class=\"wp-embedded-content\" data-secret=\"dWgOhRXXCw\"><a href=\"https:\/\/jososabadell.cat\/es\/2023\/04\/18\/fotos-de-la-sakura-matsuri-sabadell\/\">Fotos de la Sakura Matsuri Sabadell<\/a><\/blockquote><iframe sandbox=\"allow-scripts\" security=\"restricted\" src=\"https:\/\/jososabadell.cat\/es\/2023\/04\/18\/fotos-de-la-sakura-matsuri-sabadell\/embed\/#?secret=dWgOhRXXCw\" width=\"600\" height=\"338\" title=\"\u00abFotos de la Sakura Matsuri Sabadell\u00bb \u2014 Escola Joso Sabadell\" data-secret=\"dWgOhRXXCw\" frameborder=\"0\" marginwidth=\"0\" marginheight=\"0\" scrolling=\"no\" class=\"wp-embedded-content\"><\/iframe><script type=\"text\/javascript\">\n\/* <![CDATA[ *\/\n\/*! This file is auto-generated *\/\n!function(d,l){\"use strict\";l.querySelector&&d.addEventListener&&\"undefined\"!=typeof URL&&(d.wp=d.wp||{},d.wp.receiveEmbedMessage||(d.wp.receiveEmbedMessage=function(e){var t=e.data;if((t||t.secret||t.message||t.value)&&!\/[^a-zA-Z0-9]\/.test(t.secret)){for(var s,r,n,a=l.querySelectorAll('iframe[data-secret=\"'+t.secret+'\"]'),o=l.querySelectorAll('blockquote[data-secret=\"'+t.secret+'\"]'),c=new RegExp(\"^https?:$\",\"i\"),i=0;i<o.length;i++)o[i].style.display=\"none\";for(i=0;i<a.length;i++)s=a[i],e.source===s.contentWindow&&(s.removeAttribute(\"style\"),\"height\"===t.message?(1e3<(r=parseInt(t.value,10))?r=1e3:~~r<200&&(r=200),s.height=r):\"link\"===t.message&&(r=new URL(s.getAttribute(\"src\")),n=new URL(t.value),c.test(n.protocol))&&n.host===r.host&&l.activeElement===s&&(d.top.location.href=t.value))}},d.addEventListener(\"message\",d.wp.receiveEmbedMessage,!1),l.addEventListener(\"DOMContentLoaded\",function(){for(var e,t,s=l.querySelectorAll(\"iframe.wp-embedded-content\"),r=0;r<s.length;r++)(t=(e=s[r]).getAttribute(\"data-secret\"))||(t=Math.random().toString(36).substring(2,12),e.src+=\"#?secret=\"+t,e.setAttribute(\"data-secret\",t)),e.contentWindow.postMessage({message:\"ready\",secret:t},\"*\")},!1)))}(window,document);\n\/* ]]> *\/\n<\/script>","thumbnail_url":"https:\/\/jososabadell.cat\/wp-content\/uploads\/2023\/04\/fira-Sakura-Matsuri-Sabadell-web-1.jpg","thumbnail_width":818,"thumbnail_height":370,"description":"Des de l&#8217;Escola Joso Sabadell estem molt satisfets de la nostra participaci\u00f3 a la fira Sakura Matsuri Sabadell. M\u00e9s de 7.500 persones van passar pel recinte que va esdevenir, durant tres dies, un petit rac\u00f3 del Jap\u00f3 a la ciutat. Volem agrair molt especialment a les nostres dues alumnes d&#8217;Art Gr\u00e0fic, la Gema Foz i [&hellip;]"}

Des de l&#8217;Escola Joso Sabadell estem molt satisfets de la nostra participació a la fira Sakura Matsuri Sabadell. Més de 7.500 persones van passar pel recinte que va esdevenir, durant tres dies, un petit racó del Japó a la ciutat. Volem agrair molt especialment a les nostres dues alumnes d&#8217;Art Gràfic, la Gema Foz i [&hellip;]
